 + (1 - -1 - (53 - 43))?
7
What is the value of -8 + -44 - 34 - -50?
-36
-1 + -8 - (8 + -4 + -12) - 25
-26
What is the value of -1 + 154 - (-944 + 1074)?
23
What is the value of -5 + 59 - (37 + 39 + -48)?
26
Calculate -13 + 3 + 12 + -47.
-45
(-11 + 0 - (11 + -35 + 14)) + (-32 - -120)
87
Evaluate 29 + -19 - (-1 + 3 + 0 + -1 + 12).
-3
3 - (-10 + 16 + -3 + (-4 - 7))
11
What is 53 + -1 + -3 + 2 + (33 - 45)?
39
Evaluate -60 - (-18 + 6 + (43 - 16)).
-75
Evaluate -62 - (71 - 87) - 42.
-88
0 + 6 - (3 + (10 - 6) + -4) - -22
25
What is 19 + 15 + (0 + 18 - 18)?
34
What is the value of -52 + (-22 - 48 - -9)?
-113
What is the value of (31 - (1 + 0)) + 1445 + -1450?
25
What is the value of (-27 - 2) + -16 + -13 + 16?
-42
Calculate -5 + 0 - ((9 - 32 - -42) + (17 - 1)).
-40
What is the value of 55 - ((38 - -28) + 0)?
-11
Evaluate -36 - (-21 + 7) - (-8 + 10).
-24
Evaluate -652 - -721 - ((0 - 0) + 7 - -1).
61
What is 17939 - 17967 - (0 - 2 - (-2 + -7))?
-35
What is the value of 0 + -33 + -32 + 22 - -27?
-16
(11 - 2) + (-9 - (20 + -35)) - -17
32
What is the value of (-22 - (6 - -1)) + 595 + -620?
-54
What is the value of 83 + -33 + (-15 - -19) + 13?
67
What is 31 - (-37 - -44) - -2 - (-1 - -2)?
25
What is the value of (-15 - -23 - (-23 - (-6 - (-11 - 0)))) + 4?
40
What is the value of (49 - 10) + 28 + -42?
25
What is 264 - (158 - (-85 + 100))?
121
What is the value of 3 + 9 + (27 + -24 - -28) + -21?
22
26 + (-35 - (21 - 43)) - 2
11
59 + 44 + -62 + -100
-59
Evaluate -64 + 0 - (5 - 3 - (8 + -17)).
-75
Evaluate -42 - -100 - (-5 + 24 + 6).
33
-24 - -34 - (10 + (12 - (12 + -1)))
-1
What is -11 - (-9 - -2) - (-4 + 2 - -5)?
-7
What is the value of 6 + -5 + 98 + -203 + 205?
101
What is the value of 87 + (64 - 204) + 3?
-50
4 + -9 + -27 + (37 - 34 - -2)
-27
What is the value of 20 + (-1 - 20 - -13) - (7 - 19)?
24
Evaluate 0 + (5 - -5 - (38 + -26)) + -41.
-43
What is the value of (53 - 91) + (-9 - -9)?
-38
What is the value of 16 - (39 + 3 + -19 + -54)?
47
-127 + 69 - (-23 - (1 + 4))
-30
What is the value of -75 + -10 + (37 - -66)?
18
Calculate -43 - (-14 - -2 - (85 - 96)).
-42
Evaluate 17 + 1 - (36 + 13 + 11).
-42
Calculate 1 - (25 + (10 + -7 - 6) - -1).
-22
Calculate 12 + (-7 + 11 - 2) + 5 - -14.
33
What is the value of (-78 - -34 - -37) + 7 + -2 + (-6 - 0)?
-8
What is (-32 - 0) + (-9 - (28 - 17))?
-52
Evaluate 15 + 11 + 34 + -66.
-6
What is the value of 18 - (128 + (-103 - -43))?
-50
What is 8 - -208 - 138 - 83?
-5
(1 + 0 - -5) + 350 + -395
-39
What is 189 + -60 + 71 + -95?
105
What is the value of (182 + -174 - (-1 - 4 - -11)) + -20?
-18
What is (1 - -8) + (12 - (10 - 1) - 28) + -5?
-21
Evaluate -20 + 42 - (-14 - -25).
11
What is -106 + 188 + -117 - (-3 + 42)?
-74
Evaluate (-14 - 1) + 3313 + -3269.
29
Evaluate -22 + -422 + 429 + -1 + -17.
-33
What is the value of (4 - 3) + -2 + (-6 - 5 - 59 - -12)?
-59
Calculate -51 - (-63 + (12 - -42)).
-42
-111 + (-5 - -5) + (-1 - -2) + 983 + -976
-103
(-114 - -21) + 39 - -8 - 13
-59
What is 45 + (26 - (17 - 1)) - (-3 + 2 + 5)?
51
Calculate (4 - (7 + -3)) + -33 + (34 - -3).
4
Evaluate -49 + -2 + (5 - ((58 - -17) + -62)).
-59
-131 + (44 - (-101 - -93))
-79
230 + -270 + 0 + -2 + 44
2
-16 + 11 + (80 - 82) + -53 + 2
-58
What is (52 - 23) + -66 - -64?
27
1093 - 1046 - (3 - (1 - -21))
66
4983 - 5043 - (-5 - 2)
-53
Evaluate 0 + (14 - (18 - 24) - -14) + (1 - 0).
35
What is the value of 26 + -4 + -655 + 672 - 195?
-156
Calculate 1 - ((-87 - -76 - (0 + 1)) + 83 + -7).
-63
Calculate -1 + -27 - (0 + -54).
26
Calculate 11 - -1 - (69 + -3 + 1 + -29 + 35).
-61
Evaluate (-230 - -103) + 6 + 17.
-104
11 - (12 + -31 + 25 + (-7 - -1))
11
What is the value of 60 + -6 + 0 - (-3 + 18 - 18)?
57
What is the value of 68 + 0 + (-1 + -16 - (-1 + -9))?
61
Evaluate -1 + (-1 - -18) - (8118 - 8100).
-2
What is -6 - (-7 + 8 + 1 + -22)?
14
58 + -21 + (-42 - -40)
35
What is (-14 - -9) + (-2 - -1) + (45 - (17 + -16))?
38
-122 - (0 - 36) - -150
64
Evaluate -40 + (7 - (-34 - -21)) - 3.
-23
(4 - (7 - (13 + -10))) + 6 - (-6 + 82)
-70
Evaluate -1150 + 1203 - (-3 - -39).
17
What is 38 + (-60 - -28) + 12 + -37?
-19
-1 + 2 - ((-29 - 11) + 61)
-20
What is 16 - ((-1182 - -1185) + (0 - 31))?
44
-46 + -41 + 58 + 77
48
Evaluate 1322 + -1316 - (-13 + 4 + -2 + -3).
20
What is -1280 - -1173 - (-3 + -51)?
-53
What is (30 - 38) + (2 - (-3 + -1) - 4)?
-6
Calculate (-8 - -4) + (-96 - -1) + 71 + 15 + -80.
-93
What is (-1 - -3) + -54 - (38 - (-15 + 63))?
-42
What is -4 + -11 + -1 + (3 - 4) + 109?
92
Calculate (19 - 10) + 2 + 2 - -35.
48
Evaluate (-72 - -47) + -2 + (2 + 0 - -6).
-19
What is 77 - 3 - 37 - 97 - 8?
-68
What is the value of -67 + (-11 - -32) + 41?
-5
Calculate -16 + -33 + 94 + (0 - (2 - -3)).
40
(18 - 95) + 26 - -85
34
Calculate -12 - -92 - (-5 - -16) - -10 - (17 - 28).
90
What is the value of -25 + -1 + 2 - (-1027 - -1027)?
-24
What is the value of 36 + (-6 + 1 - (20 - 12 - 27))?
50
Evaluate (-26 - (-96 + 54)) + 10.
26
Evaluate -12 + 0 + -55 + 66 + -25.
-26
What is the value of 7 - (4 - (0 + 9) - -5) - 3 - 20?
-16
What is the value of -612 + 613 - (-23 - (-2 - 1 - (2 + -2)))?
21
What is 59 + 5 + -9 + -11 + -4 + (-13 - -29)?
56
Calculate 1 + 8 + (-10 - (-5 + -2) - 3).
3
-16 + (-1 - (43 + -39) - -37)
16
Calculate 219 + -47 + -71 + -136.
-35
Calculate 218 + -176 + 13 + -102.
-47
What is 14 + (7 - 9) + (-12 - 6) + -7?
-13
What is -1 - -6 - ((-12 - (2 + -34) - 10) + -13)?
8
What is 184 + -110 + -95 + 2?
-19
Calculate -15 + (13 + -13 - (0 + -3 + 7)).
-19
What is the value of 6 + 36 - (16 + (-9 - 29))?
64
Evaluate 19 + -28 + 53 + -98.
-54
Evaluate 2 + -4 + (0 - 101) - (5516 - 5505).
-114
Calculate -7 + (-3 - 6) - ((6 - -11) + -18).
-15
What is the value of -6 + 1 + 26 + (-7 - -7) + -72?
-51
(101 - 61) + -87 + 17 + 1
-29
(-12 - 1) + 25 + (-14 - (23 + -14)) - 64
-75
What is (27 - 19) + (115 - 115 - (-1 - (-1 + -1)))?
7
Evaluate 9 + -7 + 1 + (-50 - 31) + 37.
-41
Calculate 140 + (61 - 42 - 80).
79
What is (1 - 26) + (11 - 10 - -7) + 30?
13
Evaluate -14 + (122 - (34 + 13)).
61
Evaluate (61 - 66) + (0 - 2) - (7 - 14).
0
What is (-14 - -5 - (-33 + (-39 - 38))) + -16?
85
-19 - 0 - (2 - (73 + -66))
-14
Evaluate 83 - (13 - (-8 + 30) - (-25 - -8 - -17)).
92
What is (1 - 1) + (13 - (7 + 3 + 6))?
-3
0 - ((171 - 13) + -35 + -3 + 22)
-142
Evaluate -4 + 4 + (-9 - (17 - -6)) - (1 - -2).
-35
Calculate -2 + 9 + 22 + (-132 - -10) + -4.
-97
-5 + -34 + 35 + 40
36
What is 78 - (-38 + 109) - (8 + 5)?
-6
Evaluate 0 + -32 + 14 + -7.
-25
Evaluate -63 + -65 + 116 - ((3 - 3) + 106).
-118
Evaluate 55 - -1 - (22 + (-7 - -9) + 2 + -15).
45
347540 + -347526 - ((0 + -50 - 0) + 1)
63
What is the value of (-3 + 4 - (13 - (12 + -9))) + 15 + -15?
-9
Evaluate -88 + 80 + -6 + -1.
-15
Evaluate -54 - (19 - (73 - 1)).
-1
What is the value of -11 + -26 + 6 + (3 + 13 - 24)?
-39
Evaluate (-8 - -14) + (2 - (-12 + -3)) - (62 + -55).
16
What is (9 - 26) + 140 + (30 - 7) + -28?
118
(9 - (-24 - (0 - 30))) + 17
20
What is 47 + -23 + -5 - -5?
24
What is 6 + 5 + -5 + (4 + 15 - 17 - 18)?
-10
11 - ((-19 - (-61 + 3)) + (6 - 3 - 10))
-21
What is -13812 + 13670 - (-2 - 0 - 37)?
-103
What is -1 + -133 + 0 + (102 - (480 + -400))?
-112
What is (-3 - (-1 + 29) - -101) + 46?
116
What is -14 + -28 + 137 - 24?
71
37 - (17 - 36 - -36)
20
Evaluate -22 + -12 + 11 - -8 - (-43 + 4 + -7).
31
Calculate 4 - (-5 + 1 + 6) - (-39 + (-18 - -5)).
54
Calculate -73 + (78 - (-38 + 16)).
27
What is the value of 0 - (3 + -2) - ((-3 + -5 - 0) + -10)?
17
Calculate -82 + 86 + -2 + (3 - (-1 + -1)).
7
(-19 - -63 - 26) + -32 - 3
-17
Calculate 81 + (5 - (25 - (19 - 5))) + -12.
63
Evaluate 3 - (2 + 2) - (60 + (49 - 64)).
-46
Calculate -50 + (29 - 22) - (16 + -16 + (0 - -8)).
-51
Evaluate 0 + -36 + (1075 - 1017).
22
Calculate 84 + -77 + (1 - -5) - 11.
2
What is (-3 - -10 - (53 + 21)) + 22?
-45
What is -54 - 1 - (19 - (11 - (9 - (-5 - -13))))?
-64
Calculate -23 - (39 - ((10 - -18) + -4)).
-38
What is 105 - (30 + (-111 - -189))?
-3
Calculate -114 + 63 + -86 + 278.
141
Calculate 21 + (-21 + 9 + -2 - -1) + 2 + 22.
32
Evaluate 13 + (4 - -4 - (-57 - -71)) + (1 - -32).
40
Calculate (-6 - -3) + (425 - 399 - (0 - (13 + -2))).
34
(-2 - -98) + (122 - 111) + -5
102
What is the value of -51 - -52 - ((0 - -26) + -4)?
-21
Evaluate -3 - ((55 - 24) + -62).
28
What is the value of 32 + (